{"id":38,"date":"2012-08-08T14:48:11","date_gmt":"2012-08-08T12:48:11","guid":{"rendered":"http:\/\/acp.dg6eu.de\/?page_id=38"},"modified":"2021-09-06T23:07:56","modified_gmt":"2021-09-06T21:07:56","slug":"impressum","status":"publish","type":"page","link":"https:\/\/www.acp-euskirchen.de\/?page_id=38","title":{"rendered":"Impressum"},"content":{"rendered":"<h1>ACP\u00a0American Cars &amp; Parts<\/h1>\n<p>&nbsp;<\/p>\n<h2>Unternehmensdaten<\/h2>\n<address>Vogelsang GbR<br \/>\nAn der Vogelrute 39<br \/>\n53879 Euskirchen<\/address>\n<address>Tel. 02251 \/ 985051 \/ 52<\/address>\n<address>Fax. 02251 \/ 985053<\/address>\n<h6>eMail. acp@acp-euskirchen.de<\/h6>\n<address>\u00a0<\/address>\n<address><strong><span style=\"font-size: small;\">Umsatzsteuer-Identifikationsnummer <\/span><\/strong><\/address>\n<address><span style=\"font-size: small;\"><strong>DE 344989702<\/strong><br \/>\n<\/span><\/address>\n<p>&nbsp;<\/p>\n<p><span style=\"font-size: small;\"><br \/>\n<\/span><\/p>\n<p>Verantwortlich\u00a0f\u00fcr redaktionelle Inhalte<\/p>\n<p>J\u00f6rg Vogelsang<br \/>\nAn der Vogelrute 39<br \/>\n53879 Euskirchen<\/p>\n<p>Gesch\u00e4ftsf\u00fchrer: Dennis und J\u00f6rg Vogelsang<\/p>\n<p>&nbsp;<\/p>\n","protected":false},"excerpt":{"rendered":"<p>ACP\u00a0American Cars &amp; Parts &nbsp; Unternehmensdaten Vogelsang GbR An der Vogelrute 39 53879 Euskirchen Tel. 02251 \/ 985051 \/ 52 Fax. 02251 \/ 985053 eMail. acp@acp-euskirchen.de \u00a0 Umsatzsteuer-Identifikationsnummer DE 344989702 &nbsp; Verantwortlich\u00a0f\u00fcr redaktionelle Inhalte J\u00f6rg Vogelsang An der Vogelrute 39 53879 Euskirchen Gesch\u00e4ftsf\u00fchrer: Dennis und J\u00f6rg Vogelsang &nbsp;<\/p>\n","protected":false},"author":1,"featured_media":0,"parent":0,"menu_order":11,"comment_status":"open","ping_status":"open","template":"","meta":{"ngg_post_thumbnail":0,"footnotes":""},"class_list":["post-38","page","type-page","status-publish","hentry","nodate","item-wrap"],"_links":{"self":[{"href":"https:\/\/www.acp-euskirchen.de\/index.php?rest_route=\/wp\/v2\/pages\/38","targetHints":{"allow":["GET"]}}],"collection":[{"href":"https:\/\/www.acp-euskirchen.de\/index.php?rest_route=\/wp\/v2\/pages"}],"about":[{"href":"https:\/\/www.acp-euskirchen.de\/index.php?rest_route=\/wp\/v2\/types\/page"}],"author":[{"embeddable":true,"href":"https:\/\/www.acp-euskirchen.de\/index.php?rest_route=\/wp\/v2\/users\/1"}],"replies":[{"embeddable":true,"href":"https:\/\/www.acp-euskirchen.de\/index.php?rest_route=%2Fwp%2Fv2%2Fcomments&post=38"}],"version-history":[{"count":20,"href":"https:\/\/www.acp-euskirchen.de\/index.php?rest_route=\/wp\/v2\/pages\/38\/revisions"}],"predecessor-version":[{"id":77,"href":"https:\/\/www.acp-euskirchen.de\/index.php?rest_route=\/wp\/v2\/pages\/38\/revisions\/77"}],"wp:attachment":[{"href":"https:\/\/www.acp-euskirchen.de\/index.php?rest_route=%2Fwp%2Fv2%2Fmedia&parent=38"}],"curies":[{"name":"wp","href":"https:\/\/api.w.org\/{rel}","templated":true}]}}